 5*x - k. Suppose -5*q = -4*y + 211 - 26, y + 5*q - x = 0. What is the units digit of y?
5
Let f(j) = 148*j + 108. Let r be f(8). Let y = 2146 - r. What is the tens digit of y?
5
Let n = 11501 + -4200. What is the thousands digit of n?
7
What is the ten thousands digit of ((-18267)/4)/(15/(-40)) + 97 + -103?
1
Let a = 465 - -8650. What is the thousands digit of a?
9
Suppose -i + 1168 = -4*x + 5*x, -3*x + i = -3524. Let w = -769 + x. What is the units digit of w?
4
Suppose 5*j - 2255 = 7850. Let f = -1044 + j. What is the units digit of f?
7
Let k(c) = 107*c - 4. Let r be k(2). Suppose -819 = -4*t + m, -t - 6*m + m = -r. Let i = 344 - t. What is the tens digit of i?
3
Suppose -4*z = 3*d - 30, 21 - 1 = 2*d + z. Let y(u) = 29*u - 21. What is the hundreds digit of y(d)?
2
Let p = -1976 - -17054. What is the thousands digit of p?
5
Let o(q) = 210*q**3 - q**2. Let m = -41 + 53. Let z be m/12 + 1 + -1. What is the hundreds digit of o(z)?
2
Suppose -a - 5*f + 62 = 0, 168 = 74*a - 70*a + 4*f. Suppose -44*n = -a*n - 1561. What is the hundreds digit of n?
2
Suppose 3*c = 33 - 24. Suppose -5*k - 23 = 4*o - 166, 182 = 5*o + c*k. What is the units digit of o?
7
Suppose 0*u + 20 = 5*u, -c - 3*u = -7. Let o(h) = -116*h - 3. What is the tens digit of o(c)?
7
Suppose -456*k = -462*k - 204. Let h = 146 + -59. Let v = k + h. What is the tens digit of v?
5
What is the hundreds digit of ((-273)/(-6) - -3)/((-5)/(-1040))?
0
Let x(c) = 2*c**2 - 13*c - 399. What is the thousands digit of x(-66)?
9
Suppose -2*k + 2 = -2*l + 3*k, 5*k = 0. What is the units digit of (31 - (-72)/(-9))/(l/(-51))?
3
Suppose w + 28 = 5*w + y, 5*y = -5*w + 35. Let f(q) = -q**2 + 5*q + 16. Let c be f(w). Suppose c*d - 80 = 34. What is the units digit of d?
7
Let x be -4 - ((0 - 133) + (3 - 6)). Suppose -f + 415 = -x. What is the tens digit of f?
4
Let f be ((-450)/6)/(6/(-176)). Suppose 8*c + 14*c = f. What is the hundreds digit of c?
1
Let h = -51328 + 84672. What is the thousands digit of h?
3
Suppose -48516 - 43022 = -9*p - 35189. What is the hundreds digit of p?
2
Let w(l) = -94*l + 2. Suppose 27*v = 23*v - 16. What is the units digit of w(v)?
8
Let o(m) = -4*m**2 + 18*m + 5. Let j be ((-1)/(-2))/(2 - (-19)/(-10)). Let q be o(j). Let b = 75 - q. What is the units digit of b?
0
Suppose 229*i + 152483 = 242*i + 4387. What is the tens digit of i?
9
Suppose -55*j - 1715 = -48*j. Let f = j + 305. What is the units digit of f?
0
Suppose -3*z - 3*x + 45684 = 0, 27811 + 48320 = 5*z - 4*x. What is the thousands digit of z?
5
Suppose 2*j = 2*z - 2750, 19*z - 18*z - 5*j - 1391 = 0. Let w = z - 499. What is the units digit of w?
2
Let o = -18497 - -31680. What is the tens digit of o?
8
Let u = 194 - 184. What is the units digit of (443/2)/(u/20)?
3
Let u = 18 + -18. Let m be u - -1 - (6 + -8). Suppose -m*j + 8*j - 15 = 0. What is the units digit of j?
3
Suppose r = -4, 3*r - 146 = 3*q + 2*r. Suppose -5*v + 38 = 13. What is the tens digit of (0 - 6)*q/v?
6
Suppose 521*x - 10352 = 517*x. What is the thousands digit of x?
2
Let z be (-4)/(-8)*0 - -3. Let a(u) = u**3 + 12*u**2 + 7*u - 16. Let w be a(-10). Suppose w = z*b - 33. What is the units digit of b?
9
Suppose 4*m = 4*f - 4704, 9*m + f = 5*m - 4704. Let p = 2417 + m. What is the thousands digit of p?
1
Suppose -3*l + 200 + 10 = 0. Suppose 3*j - 4*t = -42, 6*t = 5*j + 3*t + l. What is the units digit of 4/j - 798/(-49)?
6
Suppose -4*r + 5*j + 1933 = 2*j, 4*j = -3*r + 1456. Suppose 4*i - 5*u = r, -5*u = -6 - 14. Suppose -6 + i = 4*k. What is the tens digit of k?
3
Suppose -1757*k + 1763*k - 243504 = 0. What is the hundreds digit of k?
5
Let b = -241 - -401. Let g(s) = -2*s**2 - 13*s - 12. Let k be g(-9). Let o = b + k. What is the tens digit of o?
0
Let l = 306 + 1815. What is the tens digit of l?
2
Let d(y) = -y**3 - 33*y**2 - 2*y - 7. Let s be d(-33). Suppose 61*f - s*f = 994. What is the tens digit of f?
9
Let p be (0*(4/4 - 0))/(-1). Suppose p = -2*y + 2054 - 612. What is the units digit of y?
1
Let g = 19 - -683. Suppose 3*n - y + g = 4989, n - 1422 = -2*y. What is the hundreds digit of n?
4
Let s(f) = 9*f + 43. Let l = -147 - -152. What is the units digit of s(l)?
8
Let u(k) = 2*k - 29. Suppose -3*s - 4*b - 24 + 138 = 0, -b = -4*s + 133. What is the units digit of u(s)?
9
Let i be (-11264)/33 + (-10)/6. Let u = -202 - i. What is the tens digit of u?
4
Suppose -o = 14*o - 180. Suppose o*h - 9016 = 4*h. What is the units digit of h?
7
Let h = -692 + 690. What is the tens digit of (1 + 1/h)/((-76)/(-159752))?
5
Suppose -2*w = 2*m - 14 + 4, -2*w - 18 = -5*m. Let f(k) = 2*k + 12. Let p(y) = -y + 1. Let x(h) = w*f(h) + 3*p(h). What is the units digit of x(7)?
8
Let v(a) = a**2 + 8*a - 65. Let f be v(-13). Suppose 4*x - 3*x - 3*z + 158 = 0, -2*x - 5*z - 338 = f. Let p = x + 231. What is the tens digit of p?
6
Suppose -3*i - 2*d + 34 = 3*d, -i + 8 = d. Suppose 0 = -2*u + i*u - 122. Suppose -10 = -5*o, 4*o = -2*z + 136 + u. What is the hundreds digit of z?
1
Let h = 563 + -150. Let m = 1049 - h. What is the hundreds digit of m?
6
Suppose 0 = 97*o - 6095751 - 576297. What is the units digit of o?
4
Let c(x) = -3*x**2 - 140*x + 3. Let n be c(-27). Suppose 14*u + n = 5642. What is the hundreds digit of u?
2
Let h(l) = 3*l**2 + 24*l + 14. Let i be h(-7). Let q(n) = n**2 - 5*n - 1. Let m be q(5). What is the tens digit of (m - 55)*(1 - i/(-4))?
4
Let b be (-68)/12 - 2/6. Let y(w) be the third derivative of -w**5/60 - 7*w**4/24 - 3*w**2 - 27*w. What is the units digit of y(b)?
6
Suppose -3*f + 15203 = -c - 905, 0 = -3*f + 2*c + 16106. What is the units digit of f?
0
Suppose 0 = -w - 4*v + 151, 69*w - 320 = 67*w - 2*v. Suppose -4*t + 134 = p - 70, -p - 204 = -4*t. Let r = w - t. What is the units digit of r?
2
Let d(j) = -9 - 3*j**3 - 8*j**2 + 3*j**2 - 17*j + 2*j**3. What is the hundreds digit of d(-9)?
4
Suppose 0 = 37*q - 128 - 20. Let t(z) = z**2 + z + 15. Let s be t(0). What is the hundreds digit of q + 2950/s - 1/(-3)?
2
What is the units digit of (-3)/(((-162)/27009)/18)?
3
Let u = 107 + -114. What is the units digit of (-10)/(-15)*-21*u?
8
Suppose -717*g = -721*g - 1652. Let p = -296 - g. What is the hundreds digit of p?
1
Let q be -3 + 39/12 - (-135)/36. Suppose 0 = -4*s + 2*x + 2272, q*s + 2*x - 2861 + 589 = 0. What is the units digit of s?
8
What is the tens digit of 17/((-238)/108)*(-1428)/12?
1
Suppose 0 = -4*k - b - 8161, -5*k - 15*b = -17*b + 10211. Let l = k + 3103. What is the tens digit of l?
6
Suppose -3*c + 8*c = 15, -r - 4*c = -6. What is the tens digit of (r + 132/15)*20?
5
Suppose -4*f = -20, 2*f - 3*f = o - 9. Suppose 0 = -o*v - 5*c + 184, 10*v = 7*v - 2*c + 138. What is the units digit of v?
6
Suppose -3933 - 26467 = -19*j. What is the thousands digit of j?
1
Let s be 7714/261 + (-8)/(-18). Suppose -66*u = -63*u - s. What is the tens digit of u?
1
Let h be (-10)/3*16410/(-20). Let o = h + -1914. What is the tens digit of o?
2
What is the units digit of 573*440/45 - 26/(-78)?
3
Let b be 3/((-3)/(-724)) - -1. Let s be -3 + (-8)/(-2) - b/(-1). Suppose -s = -10*u - u. What is the units digit of u?
6
Let r(d) be the first derivative of -d**4/4 - 13*d**3/3 + 8*d**2 + 30*d + 10. Let z be r(-14). What is the tens digit of 1/z + (-455)/(-14)?
3
What is the tens digit of ((-32)/(-28))/((-112)/(-420224))?
8
Suppose 0 = 4*l + 2*u - 4764, -4*l + 482 = -2*u - 4258. What is the tens digit of l?
8
Suppose 2*q = -2*i + 15110, 0 = 5*i + q - 40711 + 2928. What is the tens digit of i?
5
Let d be ((-2)/7)/(6/(-84)). Let z be ((-2)/d)/(2/(-8)). Suppose -z*m - 5*n + 27 = 0, -7 - 2 = -4*m + 5*n. What is the units digit of m?
6
Let u be (-3 + (-344)/6)*3. Let q = -683 + 288. Let c = u - q. What is the hundreds digit of c?
2
Let g(o) = 7*o**2 - 3*o - 1. Let b be 3*(35/(-3))/(-7). Suppose -5*l - b*i = -15, 3*l + 0*i = i + 9. What is the tens digit of g(l)?
5
Let w(d) = -474*d + 16. Let i be w(-18). Suppose -34528 + i = -15*j. What is the units digit of j?
2
Let l = 1839 - 483. Let i = 1977 - l. What is the units digit of i?
1
Let j = 98 + -95. Suppose 15 + 0 = 3*x, -4*x = -j*i - 17. What is the tens digit of (-11 + i)*(0 - (-15)/(-2))?
7
Let q = -4651 + 13262. What is the units digit of q?
1
Let s(j) = -20*j + 346. Let b be (2 - (3/6 - -1))*0. What is the uni